 the thousands digit of 1423448?
3
What is the millions digit of 9577041?
9
What is the hundreds digit of 7199629?
6
What is the hundreds digit of 13995?
9
What is the tens digit of 3012356?
5
What is the hundreds digit of 3082895?
8
What is the thousands digit of 14474165?
4
What is the thousands digit of 10158216?
8
What is the thousands digit of 290264?
0
What is the ten thousands digit of 3533060?
3
What is the millions digit of 8213457?
8
What is the hundreds digit of 567634?
6
What is the thousands digit of 908942?
8
What is the ten thousands digit of 312845?
1
What is the tens digit of 2212082?
8
What is the ten thousands digit of 261541?
6
What is the tens digit of 501535?
3
What is the ten thousands digit of 440358?
4
What is the hundred thousands digit of 2725636?
7
What is the units digit of 63730?
0
What is the units digit of 2872699?
9
What is the units digit of 7189466?
6
What is the units digit of 2796259?
9
What is the thousands digit of 39405?
9
What is the thousands digit of 1718059?
8
What is the ten thousands digit of 187519?
8
What is the ten thousands digit of 378310?
7
What is the hundreds digit of 308295?
2
What is the thousands digit of 779027?
9
What is the units digit of 2335981?
1
What is the hundred thousands digit of 7364740?
3
What is the hundreds digit of 60827?
8
What is the tens digit of 752112?
1
What is the units digit of 2745068?
8
What is the hundreds digit of 202913?
9
What is the millions digit of 1112389?
1
What is the millions digit of 3867447?
3
What is the thousands digit of 6481885?
1
What is the hundreds digit of 393688?
6
What is the units digit of 391369?
9
What is the units digit of 45463?
3
What is the hundred thousands digit of 1761026?
7
What is the hundred thousands digit of 8457548?
4
What is the millions digit of 1606859?
1
What is the ten thousands digit of 455703?
5
What is the thousands digit of 518224?
8
What is the hundreds digit of 4440835?
8
What is the ten thousands digit of 55543?
5
What is the hundreds digit of 1099368?
3
What is the millions digit of 2067236?
2
What is the units digit of 25584037?
7
What is the millions digit of 5299875?
5
What is the thousands digit of 157914?
7
What is the thousands digit of 5252443?
2
What is the units digit of 183594?
4
What is the hundreds digit of 22354020?
0
What is the ten thousands digit of 1042025?
4
What is the tens digit of 289707?
0
What is the hundreds digit of 7258486?
4
What is the millions digit of 5469114?
5
What is the thousands digit of 919732?
9
What is the millions digit of 30870975?
0
What is the millions digit of 3191047?
3
What is the hundred thousands digit of 655911?
6
What is the millions digit of 6389757?
6
What is the millions digit of 2008270?
2
What is the tens digit of 533462?
6
What is the units digit of 11188993?
3
What is the ten thousands digit of 22473?
2
What is the hundreds digit of 217637?
6
What is the hundred thousands digit of 4339205?
3
What is the ten millions digit of 13253560?
1
What is the thousands digit of 388673?
8
What is the thousands digit of 3792829?
2
What is the thousands digit of 572778?
2
What is the units digit of 10013889?
9
What is the hundred thousands digit of 4492155?
4
What is the tens digit of 282320?
2
What is the units digit of 4558984?
4
What is the ten thousands digit of 467254?
6
What is the thousands digit of 3762130?
2
What is the thousands digit of 428120?
8
What is the units digit of 1896383?
3
What is the hundreds digit of 1408367?
3
What is the tens digit of 7510277?
7
What is the hundreds digit of 6028076?
0
What is the units digit of 1055578?
8
What is the units digit of 121213?
3
What is the millions digit of 5496103?
5
What is the hundred thousands digit of 241711?
2
What is the units digit of 140406?
6
What is the thousands digit of 20554085?
4
What is the hundred thousands digit of 20098040?
0
What is the hundreds digit of 377024?
0
What is the hundreds digit of 558517?
5
What is the ten thousands digit of 4078490?
7
What is the tens digit of 50664?
6
What is the millions digit of 7159327?
7
What is the units digit of 605307?
7
What is the tens digit of 1061475?
7
What is the ten thousands digit of 1216379?
1
What is the units digit of 167047?
7
What is the hundred thousands digit of 701716?
7
What is the tens digit of 5078286?
8
What is the ten thousands digit of 6857068?
5
What is the hundreds digit of 1814991?
9
What is the thousands digit of 3139676?
9
What is the millions digit of 2234624?
2
What is the units digit of 1088985?
5
What is the thousands digit of 830848?
0
What is the thousands digit of 19808944?
8
What is the units digit of 9177310?
0
What is the millions digit of 6128316?
6
What is the hundreds digit of 14005478?
4
What is the hundreds digit of 340069?
0
What is the units digit of 288102?
2
What is the hundreds digit of 634911?
9
What is the ten thousands digit of 9826466?
2
What is the tens digit of 4755741?
4
What is the ten thousands digit of 9652231?
5
What is the tens digit of 452416?
1
What is the thousands digit of 15440409?
0
What is the hundreds digit of 2693195?
1
What is the hundred thousands digit of 253918?
2
What is the hundred thousands digit of 17503981?
5
What is the millions digit of 4234204?
4
What is the hundred thousands digit of 1325439?
3
What is the tens digit of 2863220?
2
What is the hundred thousands digit of 928394?
9
What is the hundreds digit of 208054?
0
What is the ten thousands digit of 1968302?
6
What is the hundred thousands digit of 677261?
6
What is the thousands digit of 195742?
5
What is the thousands digit of 3156439?
6
What is the hundreds digit of 612702?
7
What is the ten thousands digit of 164586?
6
What is the thousands digit of 326542?
6
What is the hundred thousands digit of 2809995?
8
What is the hundreds digit of 1926403?
4
What is the hundreds digit of 2662025?
0
What is the ten thousands digit of 1614730?
1
What is the tens digit of 4052551?
5
What is the thousands digit of 91024?
1
What is the millions digit of 1452269?
1
What is the hundreds digit of 83613?
6
What is the units digit of 574307?
7
What is the ten thousands digit of 13324164?
2
What is the ten thousands digit of 5674609?
7
What is the ten thousands digit of 903251?
0
What is the thousands digit of 11328638?
8
What is the tens digit of 19623132?
3
What is the hundred thousands digit of 34544279?
5
What is the tens digit of 676732?
3
What is the tens digit of 823018?
1
What is the hundred thousands digit of 415129?
4
What is the hundred thousands digit of 1805299?
8
What is the tens digit of 233118?
1
What is the thousands digit of 713069?
3
What is the hundreds digit of 23633?
6
What is the hundreds digit of 468653?
6
What is the ten thousands digit of 10973?
1
What is the tens digit of 4673435?
3
What is the millions digit of 6247370?
6
What is the hundred thousands digit of 27455919?
4
What is the tens digit of 2989632?
3
What is the millions digit of 1239150?
1
What is the tens digit of 7985351?
5
What is the thousands digit of 5375141?
5
What is the hundred thousands digit of 833034?
8
What is the hundred thousands digit of 219590?
2
What is the ten thousands digit of 3843427?
4
What is the thousands digit of 163715?
3
What is the hundreds digit of 25903256?
2
What is the hundreds digit of 366716?
7
What is the units digit of 3439090?
0
What is the hundred thousands digit of 551476?
5
What is the ten thousands digit of 341944?
4
What is the hundreds digit of 366009?
0
What is the units digit of 152161?
1
What is the hundred thousands digit of 8394599?
3
What is the units digit of 372828?
8
What is the units digit of 6705333?
3
What is the units digit of 62059?
9
What is the ten thousands digit of 3351486?
5
What is the thousands digit of 296400?
6
What is the tens digit of 2410220?
2
What is the hundreds digit of 275403?
4
What is the thousands digit of 6119755?
9
What is the hundred thousands digit of 455017?
4
What is the hundred thousands digit of 222756?
2
What is the hundred thousands digit of 2045908?
0
What is the hundreds digit of 491171?
1
What is the units digit of 3302253?
3
What is the hundreds digit of 217089?
0
What is the hundred thousands digit of 3156344?
1
What is the units digit of 5917859?
9
What is